{"id":2,"date":"2017-10-30T12:10:43","date_gmt":"2017-10-30T11:10:43","guid":{"rendered":"http:\/\/www.concordis.nl\/cms\/?page_id=2"},"modified":"2023-02-20T07:33:19","modified_gmt":"2023-02-20T06:33:19","slug":"voorbeeld-pagina","status":"publish","type":"page","link":"https:\/\/www.concordis.nl\/","title":{"rendered":"Specialisten in mobiliteit"},"content":{"rendered":"\n<p>We staan er niet altijd bij stil, maar beweging is een must. Mens en maatschappij kunnen niet zonder. Geen moment. Bedrijven en overheden die elke dag in de weer zijn met verkeer, transport en mobiliteit hebben bewegingsruimte nodig. Creatieve idee\u00ebn die hen op een geslaagd spoor zetten. Verse kennis die leidt tot nieuwe inzichten.<\/p>\n\n\n\n<p>Collega-professionals die snel bijspringen en die de zwaarbelaste organisatie weer ontspannen laten ademen. De Concordis Groep is een groep gespecialiseerde ondernemingen met een belangrijke algemene noemer: hun knowhow v\u00e1n en betrokkenheid m\u00e9t mobiliteit. Bedrijven die elkaar bestuiven met hun kennis en idee\u00ebn.<\/p>\n\n\n\n<p>En die zich mede daardoor hebben kunnen ontwikkelen tot toonaangevende spelers in hun markten. Binnen de Concordis Groep vind je snel de juiste specialist(en) voor jouw vraagstuk. Dat geeft jou weer de vrijheid om je te richten op andere uitdagingen.<\/p>\n\n\n\n<h4 class=\"wp-block-heading\">Zo blijf je in beweging&#8230;<\/h4>\n\n\n\n<div class=\"wp-block-group\"><div class=\"wp-block-group__inner-container is-layout-flow wp-block-group-is-layout-flow\"><div class=\"wp-block-image\">\n<figure class=\"alignleft\"><a href=\"https:\/\/www.mobycon.nl\" target=\"_blank\" rel=\"noopener\"><img loading=\"lazy\" decoding=\"async\" width=\"187\" height=\"139\" src=\"https:\/\/www.concordis.nl\/wp-content\/uploads\/2017\/10\/logomobycon-kop1.png\" alt=\"Logo Mobycon\" class=\"wp-image-73\"\/><\/a><\/figure><\/div>\n\n<div class=\"wp-block-image\">\n<figure class=\"alignleft\"><a href=\"https:\/\/www.mobypeople.nl\" target=\"_blank\" rel=\"noopener\"><img loading=\"lazy\" decoding=\"async\" width=\"249\" height=\"168\" src=\"https:\/\/www.concordis.nl\/wp-content\/uploads\/2019\/05\/mobypeople-2-e1558006190264.png\" alt=\"\" class=\"wp-image-101\"\/><\/a><\/figure><\/div>\n\n<div class=\"wp-block-image\">\n<figure class=\"alignleft\"><a href=\"https:\/\/www.forseti.nl\" target=\"_blank\" rel=\"noopener\"><img loading=\"lazy\" decoding=\"async\" width=\"202\" height=\"109\" src=\"https:\/\/www.concordis.nl\/wp-content\/uploads\/2017\/10\/logoforseti-kop1-e1509442768436.png\" alt=\"Logo Forseti\" class=\"wp-image-71\"\/><\/a><\/figure><\/div><\/div><\/div>\n\n\n\n<div style=\"height:6px\" aria-hidden=\"true\" class=\"wp-block-spacer\"><\/div>\n\n\n\n<figure class=\"wp-block-image size-full is-resized\"><img loading=\"lazy\" decoding=\"async\" src=\"https:\/\/www.concordis.nl\/wp-content\/uploads\/2023\/02\/ISO-certificaten.png\" alt=\"\" class=\"wp-image-144\" width=\"157\" height=\"74\" srcset=\"https:\/\/www.concordis.nl\/wp-content\/uploads\/2023\/02\/ISO-certificaten.png 304w, https:\/\/www.concordis.nl\/wp-content\/uploads\/2023\/02\/ISO-certificaten-300x142.png 300w\" sizes=\"auto, (max-width: 157px) 100vw, 157px\" \/><\/figure>\n","protected":false},"excerpt":{"rendered":"<p>We staan er niet altijd bij stil, maar beweging is een must. Mens en maatschappij kunnen niet zonder. Geen moment. Bedrijven en overheden die elke dag in de weer zijn met verkeer, transport en mobiliteit hebben bewegingsruimte nodig. Creatieve idee\u00ebn<\/p>\n","protected":false},"author":1,"featured_media":0,"parent":0,"menu_order":1,"comment_status":"closed","ping_status":"open","template":"","meta":{"_exactmetrics_skip_tracking":false,"_exactmetrics_sitenote_active":false,"_exactmetrics_sitenote_note":"","_exactmetrics_sitenote_category":0,"footnotes":""},"class_list":["post-2","page","type-page","status-publish","hentry"],"_links":{"self":[{"href":"https:\/\/www.concordis.nl\/index.php?rest_route=\/wp\/v2\/pages\/2","targetHints":{"allow":["GET"]}}],"collection":[{"href":"https:\/\/www.concordis.nl\/index.php?rest_route=\/wp\/v2\/pages"}],"about":[{"href":"https:\/\/www.concordis.nl\/index.php?rest_route=\/wp\/v2\/types\/page"}],"author":[{"embeddable":true,"href":"https:\/\/www.concordis.nl\/index.php?rest_route=\/wp\/v2\/users\/1"}],"replies":[{"embeddable":true,"href":"https:\/\/www.concordis.nl\/index.php?rest_route=%2Fwp%2Fv2%2Fcomments&post=2"}],"version-history":[{"count":25,"href":"https:\/\/www.concordis.nl\/index.php?rest_route=\/wp\/v2\/pages\/2\/revisions"}],"predecessor-version":[{"id":152,"href":"https:\/\/www.concordis.nl\/index.php?rest_route=\/wp\/v2\/pages\/2\/revisions\/152"}],"wp:attachment":[{"href":"https:\/\/www.concordis.nl\/index.php?rest_route=%2Fwp%2Fv2%2Fmedia&parent=2"}],"curies":[{"name":"wp","href":"https:\/\/api.w.org\/{rel}","templated":true}]}}